{"id":3924,"date":"2021-11-15T15:59:35","date_gmt":"2021-11-15T15:59:35","guid":{"rendered":"https:\/\/www.demewa.com\/produkt\/podkladka-pod-mysz-ze-skory-korkowej\/"},"modified":"2022-06-01T22:49:07","modified_gmt":"2022-06-01T22:49:07","slug":"podkladka-pod-mysz","status":"publish","type":"product","link":"https:\/\/www.demewa.com\/pl\/shop\/podkladka-pod-mysz\/","title":{"rendered":"Podk\u0142adka pod mysz ze sk\u00f3ry korkowej"},"content":{"rendered":"<h6>Podk\u0142adka pod mysz ze sk\u00f3ry korkowej<\/h6>\n<p>Nasze produkty powstaj\u0105 z naturalnych i odnawialnych surowc\u00f3w.<\/p>\n<p><a href=\"https:\/\/www.demewa.com\/pl\/material\/\">Tkanina korkowa, znana r\u00f3wnie\u017c jako sk\u00f3ra wega\u0144ska<\/a> , to najwy\u017cszej jako\u015bci portugalski korek nak\u0142adany na ekologiczny materia\u0142 tekstylny. Drugim materia\u0142em wchodz\u0105cym w sk\u0142ad naszych produkt\u00f3w z korku jest warstwa z naturalnego kruszywa korkowego oraz kauczuku. Zespolenie tych komponent\u00f3w tworzy unikatowy produkt o wyj\u0105tkowych w\u0142a\u015bciwo\u015bciach.<\/p>\n<p>Wierzchnia warstwa to bardzo mi\u0119kki i przyjazny dla sk\u00f3ry materia\u0142, daje nam uczucie ciep\u0142a, a przy tym nie wch\u0142ania wilgoci i jest bardzo \u0142atwy w piel\u0119gnacji. Dzi\u0119ki g\u0142adkiej powierzchni brud i kurz nie przylegaj\u0105 i mo\u017cna je \u0142atwo zetrze\u0107 wilgotn\u0105 \u015bciereczk\u0105. W szczeg\u00f3lnych przypadkach mo\u017cna u\u017cy\u0107 delikatnych detergent\u00f3w, takich jak myd\u0142o.<\/p>\n<p>Dolna cz\u0119\u015b\u0107 charakteryzuje si\u0119 takimi w\u0142a\u015bciwo\u015bciami jak antypo\u015blizgowo\u015b\u0107, jest warstw\u0105 wyg\u0142uszaj\u0105c\u0105, izolacyjn\u0105 i jednocze\u015bnie nadaje si\u0119 do ogrzewania pod\u0142ogowego.<\/p>\n<p>W ten spos\u00f3b wytworzone <a href=\"https:\/\/www.demewa.com\/pl\/produkty\/\">produkty<\/a> s\u0105 wytrzyma\u0142e, trwa\u0142e, antyalergiczne i antyastmatyczne. Prawdziwa alternatywa dla sk\u00f3ry.<\/p>\n<p>Dzi\u0119ki prostocie po\u0142\u0105czonej z bardzo atrakcyjnymi kolorami i ciekaw\u0105 funkcjonalno\u015bci\u0105, nasze produkty mog\u0105 zago\u015bci\u0107 w ca\u0142ym Twoim domu. W \u0142azience, kuchni czy przedpokoju s\u0105 bezkonkurencyjne dzi\u0119ki w\u0142a\u015bciwo\u015bciom odpychaj\u0105cym wod\u0119 i brud. W salonie s\u0105 wzbogaceniem i unowocze\u015bnieniem wyposa\u017cenia, a w <a href=\"https:\/\/www.demewa.com\/pl\/dzieci\/\">pokoju dzieci\u0119cym<\/a> jako antypo\u015blizgowa, \u0142atwa w piel\u0119gnacji i jednocze\u015bnie \u015bwietna powierzchnia do zabawy.<\/p>\n","protected":false},"excerpt":{"rendered":"<h6>Wega\u0144ska podk\u0142adka pod mysz wykonana z ekologicznej sk\u00f3ry korkowej. Ekologiczna i antyalergiczna.<\/h6>\n<p>Dzi\u0119ki tej podk\u0142adce wprowadzasz do swojego domu kawa\u0142ek natury, a tym samym lepsz\u0105 alternatyw\u0119 dla konwencjonalnych podk\u0142adek pod mysz z tworzywa sztucznego. Prosty kszta\u0142t pasuje do wielu stylizacji i jest dost\u0119pny w kilku kolorach, aby optymalnie dopasowa\u0107 si\u0119 do Twojego stylu. Przemawia za tym r\u00f3wnie\u017c dobra antypo\u015blizgowo\u015b\u0107, przyjemny dotyk i pozytywna r\u00f3wnowaga ekologiczna.<\/p>\n<p>Ponadto nasze produkty z korka s\u0105 wykonane z naturalnych materia\u0142\u00f3w, s\u0105 przyjemnie mi\u0119kkie i ciep\u0142e, a tak\u017ce wyj\u0105tkowo \u0142atwe w piel\u0119gnacji.<\/p>\n<h6>Rozmiar 25 x 30 cm.<\/h6>\n","protected":false},"featured_media":4571,"comment_status":"open","ping_status":"closed","template":"","meta":[],"product_brand":[],"product_cat":[129],"product_tag":[160,183,161,184,162,171,172,176,177,178,180,181,182],"class_list":{"0":"post-3924","1":"product","2":"type-product","3":"status-publish","4":"has-post-thumbnail","6":"product_cat-akcesoria","7":"product_tag-weganska-skora","8":"product_tag-komputer","9":"product_tag-weganski","10":"product_tag-dywan-pl","11":"product_tag-podkladka","12":"product_tag-ekologiczna-skora","13":"product_tag-podkladka-pod-mysz","14":"product_tag-material-korkowy","15":"product_tag-korkowa-podkladka-pod-myszke","16":"product_tag-korek","17":"product_tag-kauczuk","18":"product_tag-eco-pl","19":"product_tag-korek-pl","20":"product_shipping_class-versandtasche-gross-pl","22":"first","23":"instock","24":"taxable","25":"shipping-taxable","26":"purchasable","27":"product-type-variable"},"_links":{"self":[{"href":"https:\/\/www.demewa.com\/pl\/wp-json\/wp\/v2\/product\/3924","targetHints":{"allow":["GET"]}}],"collection":[{"href":"https:\/\/www.demewa.com\/pl\/wp-json\/wp\/v2\/product"}],"about":[{"href":"https:\/\/www.demewa.com\/pl\/wp-json\/wp\/v2\/types\/product"}],"replies":[{"embeddable":true,"href":"https:\/\/www.demewa.com\/pl\/wp-json\/wp\/v2\/comments?post=3924"}],"version-history":[{"count":0,"href":"https:\/\/www.demewa.com\/pl\/wp-json\/wp\/v2\/product\/3924\/revisions"}],"wp:featuredmedia":[{"embeddable":true,"href":"https:\/\/www.demewa.com\/pl\/wp-json\/wp\/v2\/media\/4571"}],"wp:attachment":[{"href":"https:\/\/www.demewa.com\/pl\/wp-json\/wp\/v2\/media?parent=3924"}],"wp:term":[{"taxonomy":"product_brand","embeddable":true,"href":"https:\/\/www.demewa.com\/pl\/wp-json\/wp\/v2\/product_brand?post=3924"},{"taxonomy":"product_cat","embeddable":true,"href":"https:\/\/www.demewa.com\/pl\/wp-json\/wp\/v2\/product_cat?post=3924"},{"taxonomy":"product_tag","embeddable":true,"href":"https:\/\/www.demewa.com\/pl\/wp-json\/wp\/v2\/product_tag?post=3924"}],"curies":[{"name":"wp","href":"https:\/\/api.w.org\/{rel}","templated":true}]}}

Podkładka pod mysz ze skóry korkowej

<h6>Podkładka pod mysz ze skóry korkowej</h6>
<p>Nasze produkty powstają z naturalnych i odnawialnych surowców.</p>
<p><a href="https://www.demewa.com/pl/material/">Tkanina korkowa, znana również jako skóra wegańska</a> , to najwyższej jakości portugalski korek nakładany na ekologiczny materiał tekstylny. Drugim materiałem wchodzącym w skład naszych produktów z korku jest warstwa z naturalnego kruszywa korkowego oraz kauczuku. Zespolenie tych komponentów tworzy unikatowy produkt o wyjątkowych właściwościach.</p>
<p>Wierzchnia warstwa to bardzo miękki i przyjazny dla skóry materiał, daje nam uczucie ciepła, a przy tym nie wchłania wilgoci i jest bardzo łatwy w pielęgnacji. Dzięki gładkiej powierzchni brud i kurz nie przylegają i można je łatwo zetrzeć wilgotną ściereczką. W szczególnych przypadkach można użyć delikatnych detergentów, takich jak mydło.</p>
<p>Dolna część charakteryzuje się takimi właściwościami jak antypoślizgowość, jest warstwą wygłuszającą, izolacyjną i jednocześnie nadaje się do ogrzewania podłogowego.</p>
<p>W ten sposób wytworzone <a href="https://www.demewa.com/pl/produkty/">produkty</a> są wytrzymałe, trwałe, antyalergiczne i antyastmatyczne. Prawdziwa alternatywa dla skóry.</p>
<p>Dzięki prostocie połączonej z bardzo atrakcyjnymi kolorami i ciekawą funkcjonalnością, nasze produkty mogą zagościć w całym Twoim domu. W łazience, kuchni czy przedpokoju są bezkonkurencyjne dzięki właściwościom odpychającym wodę i brud. W salonie są wzbogaceniem i unowocześnieniem wyposażenia, a w <a href="https://www.demewa.com/pl/dzieci/">pokoju dziecięcym</a> jako antypoślizgowa, łatwa w pielęgnacji i jednocześnie świetna powierzchnia do zabawy.</p>

<h6>Wegańska podkładka pod mysz wykonana z ekologicznej skóry korkowej. Ekologiczna i antyalergiczna.</h6>
<p>Dzięki tej podkładce wprowadzasz do swojego domu kawałek natury, a tym samym lepszą alternatywę dla konwencjonalnych podkładek pod mysz z tworzywa sztucznego. Prosty kształt pasuje do wielu stylizacji i jest dostępny w kilku kolorach, aby optymalnie dopasować się do Twojego stylu. Przemawia za tym również dobra antypoślizgowość, przyjemny dotyk i pozytywna równowaga ekologiczna.</p>
<p>Ponadto nasze produkty z korka są wykonane z naturalnych materiałów, są przyjemnie miękkie i ciepłe, a także wyjątkowo łatwe w pielęgnacji.</p>
<h6>Rozmiar 25 x 30 cm.</h6>
